derivative of k - 3. Let s(g) = -2*h(g) - n(g). What is the units digit of s(-9)?
1
Suppose 45 = -5*m - 3*s, s = 4*m + 2*s + 29. What is the tens digit of m/(-12) + 302/4 + -1?
7
Suppose 0 = -a - 5*d + 81, 4*a - a = -d + 285. What is the tens digit of a?
9
Suppose 0 = 12*b - 29 - 19. Suppose -2*y + 3*x - 11 = 0, y - 9 = -3*x + 8. Suppose 4*q = -b*p + 36, -5*q + 55 = p + y*p. What is the tens digit of q?
1
Let m(s) = s**3 - 2*s + 224. Let y be m(0). Suppose -y = -4*f - 3*a, -4*a + 169 = 4*f - 51. What is the tens digit of f?
5
Suppose -2*h + 5*n = 64, 4*h + h - 5*n = -145. What is the hundreds digit of (-8202)/h + 5 + 6/27?
3
Let f be ((-4)/6 + 1)*6. Let b be f/(-3) - 134/6. Let o = b - -52. What is the units digit of o?
9
Let y = 35 - 57. Let f = 0 - y. What is the tens digit of f?
2
What is the units digit of 1689 - (-8 - -3)/(-1)?
4
Suppose -5*p + 4*i = 7*i - 3800, 0 = 3*p - 2*i - 2280. What is the units digit of p?
0
Let k = 1776 + -940. What is the units digit of k?
6
Let v(m) = -17 + 3*m**2 - m**2 + 5*m + m. What is the tens digit of v(-7)?
3
Let o = -650 - -452. Let y = -41 - o. What is the tens digit of y?
5
Let s = -648 - -1269. What is the units digit of s?
1
Let i = -33 + 240. What is the hundreds digit of i?
2
Let h = 1640 + -926. What is the units digit of h?
4
Suppose -4*l = -0 - 12. Suppose -337 - 119 = -2*z. Suppose l*b = -3*b + z. What is the tens digit of b?
3
Suppose -4*k = -5*x - 589, -2*k + 3*x + 290 = 5*x. What is the units digit of k?
6
Let x be 0*(2 + 20/(-8)). Suppose -5*j + 332 - 107 = x. What is the tens digit of j?
4
Let c = 2 - -5. Suppose -2*f = 4*a + 34, -3*f = a - 1 + c. Let t(y) = y**2 + 8*y - 2. What is the units digit of t(a)?
7
Let n = 21 + -27. Let t be (9/n + 2)*10. Suppose -t*u - 3*c = -83 - 96, -3 = -c. What is the units digit of u?
4
What is the hundreds digit of 1501 - 1*(-3 + 1)?
5
Let h(s) = 47*s + 1. Let c = 19 - 18. What is the tens digit of h(c)?
4
Suppose -6*b + 4073 = -4009. What is the thousands digit of b?
1
Suppose 8 = -2*g + 3*g. Suppose -g = -4*t + 28. What is the units digit of (-81)/(-2) - t/(-18)?
1
Let h be 7/(-3) + (-2)/(-6). Let w(g) = -2*g - 2. Let t be w(h). Suppose 29 = t*z - 53. What is the tens digit of z?
4
Let c(j) = j - 7. Let i be c(7). Let h be 15 + 2 + -3 + 2. Suppose h = 4*v - i. What is the units digit of v?
4
Let y(h) = -h**3 + 35*h**2 + 91*h - 14. What is the thousands digit of y(34)?
4
Let t be (-3 + 9 - 0)*(-6)/(-2). Let g = t - -127. What is the units digit of g?
5
Let h(n) = n**2 - 1. Let s be h(1). Suppose 3*z = -4*c - 0*z + 25, s = -2*c + z + 5. Suppose 9*i = c*i + 110. What is the units digit of i?
2
Suppose 48*d = 44*d + 752. Let a = d - -91. What is the hundreds digit of a?
2
Let b(l) = 131*l - 3. Let h be b(6). Suppose 2*k - 522 = 2*q, h = 3*k + q + q. What is the tens digit of k?
6
Let l be (15/20)/(2/8). Suppose -4*q - 5*x + 531 = 0, -561 + 162 = -l*q - 4*x. Suppose 2*j + 0*c + 3*c - 55 = 0, -q = -5*j + c. What is the tens digit of j?
2
Suppose -5*q + 2*u + 673 = 0, u = -q + 4*q - 404. What is the hundreds digit of q?
1
Suppose 5*j + 229 = 5*a + 2*j, 0 = 2*a - 3*j - 88. What is the units digit of a?
7
Suppose 2191 = 5*j + 3*c + 203, 0 = -j + 3*c + 412. What is the tens digit of j?
0
Suppose -5*c = k + 4*k - 285, 0 = 2*c + 5*k - 123. Suppose -2*j + 12 + c = 0. What is the tens digit of j?
3
Let f = -162 - -698. Let l = -308 + f. What is the units digit of l?
8
Suppose t - 4*p = 723, 559 = 2*t + p - 887. What is the hundreds digit of t?
7
Suppose 38*p = 35*p + 1791. What is the tens digit of p?
9
What is the thousands digit of 26/39 - 7/(21/(-13210))?
4
Let g(s) = 4*s + 2. Let n be g(-1). What is the tens digit of -1*5*n/1?
1
Suppose 5*k + 0*k = 5*j, 0 = 5*k + 4*j - 27. What is the tens digit of k/(18/(-4)) + (-411)/(-9)?
4
Let v = -5 + 60. Suppose 15*r - v = 10*r. Suppose r = -2*o + 15. What is the units digit of o?
2
Suppose 4*w - 547 = 689. What is the hundreds digit of w?
3
Suppose 0 = -m - 0*h + 3*h + 464, 2*m + 3*h - 910 = 0. What is the tens digit of m?
5
Suppose 3*s = 2*s + 3. Suppose -300 = -2*w + 4*f, f - s = 1. What is the tens digit of w?
5
Let u be 2/4*-8 + 4. Suppose u = -14*p + 2263 + 439. What is the tens digit of p?
9
Suppose -5*o + 30 = 10. Suppose -4*z = -4 - o. What is the units digit of z?
2
Let c = -1 - -4. Suppose 13 = -2*h + c. Let w(u) = u**3 + 5*u**2 - 4*u + 5. What is the tens digit of w(h)?
2
Suppose 9*x = 10*x - 748. Suppose -3*i + x = -5*p, 7*p - 4*p = -i + 268. What is the hundreds digit of i?
2
Suppose -u = -3*t - t - 14, 5*u = t + 51. Suppose -s = s - u. Suppose -58 = -s*q + r, -3*q + 4*r - 8 = -36. What is the tens digit of q?
1
Suppose a = 6 - 2. Suppose -44 = a*f + 188. What is the units digit of (-4)/24*3*f?
9
Suppose -26*m + 41*m - 5130 = 0. What is the units digit of m?
2
Let i = -877 - -2722. What is the thousands digit of i?
1
Suppose 7 = -3*j - 2. Let h(c) = 16*c + 17. Let z(d) = 8*d + 8. Let k(b) = 3*h(b) - 7*z(b). What is the units digit of k(j)?
9
Let f(m) = 7*m**2 - 17*m - 25. What is the hundreds digit of f(14)?
1
Let h = -9072 + 13492. What is the units digit of h?
0
Let o(n) = -17*n + 1174. What is the tens digit of o(0)?
7
Suppose 6 = 4*b - 14. Suppose 3*t + 2*v + 4 = 0, 2*t - 3*v = -b*v - 6. Suppose 3*p = t*p + 43. What is the units digit of p?
3
Let m = 17 + -12. Suppose m*d + 5*h - 2*h = 26, -3*d + 2*h + 8 = 0. Suppose d*v - 34 = -2*y, 0*v = 5*y - 2*v - 61. What is the tens digit of y?
1
Suppose -5*c = -5*h - 45, -c - h = -5*h - 24. Suppose -c*t + 6*t = 96. What is the tens digit of (-1)/6 + 1256/t?
2
Let o(h) = h**2 + 16*h + 17. Let w be o(-14). What is the tens digit of ((-3)/(-4))/(w/(-792))?
5
What is the tens digit of 28154/(-21)*(2 + (-21)/6)?
1
Let h = 4541 + -113. What is the thousands digit of h?
4
Let b(f) = f**3 + 14*f**2 + 26*f - 4. Let g be b(-11). Suppose -4*j + q + 82 = -g, 0 = -5*j + 2*q + 193. What is the units digit of j?
9
Let x be 1/4 + (-6)/(-8). Let r be (-7 - -7) + 3*x. Suppose w = r*w - 124. What is the units digit of w?
2
Let s = 38 - 35. Suppose -8*t = -s*t - 175. What is the tens digit of t?
3
Let n = 3462 - 1711. What is the tens digit of n?
5
Let b = 1562 - 1074. Suppose 0 = 3*x - b + 20. What is the units digit of x?
6
Suppose 0*h = 4*h. Suppose -z - 3*z + 192 = h. What is the units digit of z?
8
Suppose -16*y = -9*y - 6671. What is the units digit of y?
3
Let a(g) = 28*g**2 - 9*g + 6. Let t be a(6). Suppose -7*m + t = -m. What is the units digit of m?
0
Suppose -11*q + 7575 = 14*q. What is the units digit of q?
3
Suppose -38*o = -33*o - 2*x - 1238, -4*x = -o + 262. What is the units digit of o?
6
Let t(g) = 7*g**3 + 2*g**2 - 5*g - 9. Let r be t(-4). Let a = r + 629. What is the tens digit of a?
2
What is the thousands digit of 903096/405 + (-6)/(-45)?
2
Let o(l) = 12*l - 17. Let y(k) = 4*k**3 + 2*k**2 - 2*k + 1. Let q be y(1). Let f be o(q). Let n = -22 + f. What is the units digit of n?
1
Let y(h) = 1547*h**3 + 2*h**2 - 4*h + 2. What is the units digit of y(1)?
7
Let m be 1 - 4/((-16)/52). Let k = -12 + m. Suppose -k*v - 3*v = -80. What is the tens digit of v?
1
Let j be ((-27)/4)/((-6)/16). Let u = j + -11. Suppose 2*x = -2*b - x + u, -5*b + 3*x = -7. What is the units digit of b?
2
Suppose 6 = d - 3*h, -3 = d + d - h. Let t = 0 - d. Suppose 21 = -a - 5*o, -4*o + 0*o - 8 = t*a. What is the units digit of a?
4
Suppose 16 = -3*q + 25. Let y(n) = 4*n. Let x be y(-5). What is the units digit of -2 - x/(q + -2)?
8
What is the tens digit of (-1782)/(-10) + 168/210?
7
Let t = 11 - 15. Let f(p) = -3*p - 5. Let b be f(t). Suppose -g + b = -0*g. What is the units digit of g?
7
Let i(w) = -17*w**2 - 11*w + 1. Let b = 10 + -3. Let f(a) = 8*a**2 + 5*a. Let d(o) = b*f(o) + 3*i(o). What is the tens digit of d(-3)?
4
Let z = 70 + -68. Suppose -3*t - 2*k - z*k = -286, 0 = k - 4. What is the units digit of t?
0
Suppose -3*k = 0, -8*f + 4*f + 848 = k. Suppose 8*z = 4*z + f. What is the tens digit of z?
5
Let g = -2226 - -2463. What is the hundreds digit of g?
2
Let u be 2/(-4)*(-200)/5. What is the tens digit of (66/(-5))/((-3)/u)?
8
What is the hundreds digit of (-10750)/(-11) - 528/1936?
9
Suppose -4*z + 59 + 49 = 0. Suppose 159 - z = 6*q. What is the units digit of q?
2
Suppose -5*z + 15